isor of v and n?
23
Let g = 133 + -67. Suppose g = -21*r + 780. What is the highest common divisor of 85 and r?
17
Let k be 4/(40/(-6))*(-75)/3. Let t(f) = f**2 - 5. Let x be t(5). Calculate the greatest common divisor of x and k.
5
Let h be (-726)/(-42) + (-6)/21. Let r be (-1)/(-6) - h/(-6). Suppose -3*w = -15, 3*v - w = -r*w + 154. Calculate the greatest common divisor of v and 32.
16
Let j(g) = -g**3 + 19*g**2 - 16*g + 41. Let y be j(18). Calculate the greatest common factor of y and 154.
77
Let h(j) = 3*j**2 - 6*j - 9. Let z be h(-2). Let k = -155 + 230. What is the highest common factor of z and k?
15
Let r = 22 - 20. Let l be 1055/(-15) + r/(-3). Let k = 104 + l. Calculate the greatest common factor of k and 165.
33
Suppose -3*p + 3*r + 21 = 0, 3*p + 0*p - 11 = r. Let x be p*(90/5 - 4). Calculate the greatest common divisor of x and 56.
28
Let q be 2 - (-6)/(-2) - -11*11. Suppose 6*c = c + q. What is the greatest common divisor of c and 72?
24
Suppose l - 11 - 47 = 0. Let s be l/36*2 + (-14)/63. Calculate the highest common factor of 21 and s.
3
Let f be -1 + -53*(-7 - -2). Let p = 10444 + -10420. Calculate the greatest common divisor of p and f.
24
Suppose 0 = -l - 4*a + 224, 2*l + 1212 = 7*l - 3*a. What is the greatest common factor of l and 15?
15
Let r(i) = i**2 + i + 1. Let w(s) = -2*s**2 + 11*s - 2. Let z(f) = -3*r(f) - w(f). Let c be z(-9). What is the highest common divisor of 4 and c?
4
Let f(p) = -10*p + 87. Let u be f(8). Let s = -32 - -22. Let h be (12 + s)*(u - 0). What is the greatest common factor of h and 112?
14
Suppose 93 - 21 = 3*o. Suppose 4*m - o = 36. What is the highest common factor of m and 75?
15
Suppose 8*l = 3*l + 20. Suppose l*i - 495 = -i. Calculate the highest common divisor of i and 9.
9
Suppose -36295 = -35*l + 4025. What is the greatest common divisor of l and 24?
24
Suppose -2*o = -3 + 1. Let q be (5 + -6)/(o/(-7)). What is the highest common factor of 7 and q?
7
Let k = 5 - 2. Let o = k + 7. Calculate the greatest common divisor of o and 25.
5
Suppose 2*h = 2 + 10. Let m(b) = -b**2 + 9*b - 6. Let c be m(h). Calculate the highest common factor of c and 48.
12
Suppose 11*h - 76*h = -26000. What is the greatest common factor of h and 64?
16
Suppose -4*t + 9*t - 5 = 0. Suppose 11 = 5*j + t. Let c be (j - -30)*1/2. What is the greatest common factor of c and 112?
16
Let p be 522 - (-2 - 4*(-3)/(-12)). Calculate the highest common factor of p and 63.
21
Let w = -35 - -41. Suppose -9*y + w*y = -24. What is the greatest common factor of y and 88?
8
Suppose b - 9*l + 5*l - 26 = 0, 3*l - 18 = -3*b. Let d be 2 - (35*-2 - -2). Calculate the greatest common divisor of b and d.
10
Let t = -430 - -454. Suppose -5*l + l + 4*f + 244 = 0, -4*l - 4*f = -236. What is the highest common divisor of t and l?
12
Let j = 289 + -231. What is the highest common divisor of j and 145?
29
Let p(a) = 2 + a - 12*a**2 - 2*a**3 + 12*a + 0*a**3. Let l be p(-7). What is the greatest common divisor of 63 and l?
9
Let w(z) = -z**3 + 13*z**2 - 40*z + 14. Let q be w(8). Calculate the highest common factor of q and 154.
14
Let t be ((-1)/(-2))/(11/(-22)) - -7. Let d be (5/20)/((-1)/(-16)). What is the greatest common divisor of t and d?
2
Let f = -50 + 90. Suppose 43*b - f*b - 27 = 0. What is the highest common divisor of 45 and b?
9
Let v = 35 + -23. Suppose -8*f = -v*f + 40. Calculate the greatest common divisor of f and 4.
2
Suppose -19*o - 9*o + 4424 = 0. Suppose -4*f + 129 = -103. Suppose o - f = 4*z. Calculate the highest common divisor of z and 200.
25
Let q be 329/(-49) - 3*(-2)/(-21). Let b be (q - -11)*3*1. What is the highest common divisor of b and 8?
4
Let q = -2 + 17. Let p = -45 + 48. Calculate the highest common factor of p and q.
3
Suppose 9*h = 6*h + 210. Suppose 0 = h*w - 75*w + 70. Calculate the greatest common divisor of 126 and w.
14
Let f(n) = 3*n**2. Let i be f(3). Let c(z) = 11*z + 285. Let j be c(-21). What is the highest common factor of j and i?
27
Let q = -12 - -11. Let y be (-2 + 2)/(q - 0). Suppose -2*h + h + 3 = y. What is the greatest common divisor of h and 27?
3
Let c(n) = -31*n - 19. Let g be c(-4). Let d be (4/6)/(2/210). Calculate the highest common divisor of g and d.
35
Suppose -80 = -o - 4*o. Suppose -2*f + 3*f - 16 = 3*p, 0 = -f + 4*p + o. Calculate the greatest common divisor of f and 48.
16
Let y = 733 - 673. Calculate the greatest common factor of 270 and y.
30
Let t be 6156/57 + (-8 - 0). Calculate the greatest common factor of 40 and t.
20
Suppose 5*o + 0*o - 550 = 5*u, -u = 0. Calculate the greatest common divisor of o and 275.
55
Let p(q) = q**3 - 3*q**2 - 10*q - 40. Let b be p(12). Calculate the highest common factor of b and 32.
16
Let a = 6 - 9. Let l be (70/3)/(a/(-18)). Suppose 6*q = 5*q + 20. Calculate the highest common factor of q and l.
20
Let d be (-9 - -26)/(2/12). What is the greatest common divisor of 408 and d?
102
Suppose -3*c = f - 466, 0*f - 634 = -4*c + 5*f. What is the greatest common factor of c and 364?
52
Suppose 5*g = -z + 131, 5*z + 0*g = 5*g + 655. Suppose -2*h - 5*j + 53 = 0, -28 = 2*h - 5*j - z. What is the greatest common factor of h and 273?
39
Suppose -128 = w - 5*w. Suppose -4*s + 5*o + 44 = 0, 0 = -4*s - 0*o + 2*o + w. Calculate the greatest common factor of 66 and s.
6
Let y(f) = -f - 2. Let l be y(-4). Suppose 2*o + m = 26, 4*m = -3*o + 51 - l. What is the greatest common divisor of o and 33?
11
Suppose 2*h - 3*v = 4*h - 99, -4*h - 3*v = -189. Calculate the highest common divisor of h and 36.
9
Let m be (0 - -1) + (15 - 13). Suppose -2 = 2*i - 8. Suppose -m = -i*y + 3. Calculate the highest common factor of 16 and y.
2
Let m = 127 - 72. Suppose a - m - 20 = 0. Calculate the greatest common divisor of a and 25.
25
Let v(i) = 36 - 10*i + 13*i - 12. Let f be v(12). Calculate the highest common divisor of 90 and f.
30
Let a be 1 + (612/3 - -3). Calculate the greatest common factor of a and 13.
13
Let l = 497 - 408. What is the highest common factor of 623 and l?
89
Let m(h) = -3*h**2 + 4*h - 5. Let t be m(2). Let c = t - -8. Let w be -3 - (c + -3 + -21). What is the highest common factor of 154 and w?
22
Let y(q) be the third derivative of q**5/60 + 7*q**4/24 + 5*q**3/2 - 19*q**2. Let j be y(-12). Calculate the highest common divisor of j and 25.
25
Let u = 33 + -13. Suppose 6 = -3*c, 5*t = t + 2*c + 20. What is the greatest common divisor of t and u?
4
Let w(i) = 6*i**2 - 2. Let n be w(-2). Suppose -3*o - 15 = 15. Let k be (-6)/4*o/(-15) - -133. Calculate the greatest common factor of n and k.
22
Suppose -5*c = -2*f - 2*f + 582, 3*c = 4*f - 578. Let b = f - -1. Suppose 0 = 2*t - 6, -2*s + 3*t = -2*t - 17. Calculate the highest common divisor of s and b.
16
Suppose 42 - 136 = -3*l - 2*q, 0 = -l + 5*q + 37. Calculate the highest common factor of l and 64.
32
Let g(q) = q**3 - q**2 + 2*q + 120. Suppose -23*u = -16*u. Let t be g(u). What is the greatest common factor of t and 80?
40
Let j(r) = 5*r - 64. Let h be j(24). What is the highest common factor of 84 and h?
28
Suppose 3*t - 3*a - 585 = 0, 0*a + 2*a = -t + 195. Suppose -8*w = -t - 85. Calculate the highest common factor of 7 and w.
7
Let q(i) = i**2 + 2*i - 13. Let b be q(-9). Suppose 0 = 2*z - 4, 0 = -2*x - 3*z - 4 + 70. Calculate the greatest common divisor of b and x.
10
Let n be ((-34)/(-6))/(11/33). Suppose q - n = 5*l, -l + 1 - 2 = q. Let x be q/(-6)*(-46 + 13). What is the greatest common divisor of 33 and x?
11
Let q = -24 + 37. Let r = q - -8. Let v = 37 - 34. Calculate the greatest common divisor of r and v.
3
Suppose -3*i - 26 = d - 83, i - 4*d = 6. Calculate the greatest common factor of 351 and i.
9
Let m = -304 - -359. What is the greatest common factor of 20 and m?
5
Suppose -34*h + 394 + 2326 = 0. Calculate the greatest common factor of 16 and h.
16
Suppose -511 - 721 = 4*u. Let m be u/(-20) + (-6)/(-10). Suppose -3*f = f - m. Calculate the greatest common factor of 32 and f.
4
Let r(d) = 45*d**3 + 3*d**2 - 3*d + 1. Let l be r(1). Let a = l - 2. Calculate the greatest common factor of 11 and a.
11
Let b = -11 + 11. Suppose b = -6*g + 129 - 21. Calculate the greatest common factor of g and 54.
18
Suppose 0*d = 2*d - 10. Suppose -4*h = d*o + 2, -o + 6 = -4*o. Suppose 3*v - 27 = -3*n, -2*v + 